{"id":1583,"date":"2023-01-20T09:21:24","date_gmt":"2023-01-20T09:21:24","guid":{"rendered":"https:\/\/gcm-d.de\/unser-team\/joerg-koennemann\/"},"modified":"2023-01-20T09:21:24","modified_gmt":"2023-01-20T09:21:24","slug":"joerg-koennemann","status":"publish","type":"unser-team","link":"https:\/\/gcm-d.de\/en\/unser-team\/joerg-koennemann\/","title":{"rendered":"J\u00f6rg K\u00f6nnemann"},"content":{"rendered":"<p>Mr. J\u00f6rg K\u00f6nnemann has been working as a property manager in facility management at GCM Region-Mitte GmbH since September 2024. Previously, he worked as a project manager in residential construction and as a building expert and site manager in accordance with \u00a759 HBO and acquired in-depth knowledge of project coordination and quality assurance for buildings. Mr. K\u00f6nnemann has a total of 25 years of professional experience in the real estate industry. In property management, he looks after national and international clients and contributes his extensive expertise in the technical field.<\/p>\n","protected":false},"featured_media":1571,"template":"","meta":{"site-sidebar-layout":"default","site-content-layout":"default","ast-global-header-display":"","ast-main-header-display":"","ast-hfb-above-header-display":"","ast-hfb-below-header-display":"","ast-hfb-mobile-header-display":"","site-post-title":"","ast-breadcrumbs-content":"","ast-featured-img":"","footer-sml-layout":"","theme-transparent-header-meta":"default","adv-header-id-meta":"","stick-header-meta":"","header-above-stick-meta":"","header-main-stick-meta":"","header-below-stick-meta":""},"acf":[],"yoast_head":"<!-- This site is optimized with the Yoast SEO plugin v20.6 - https:\/\/yoast.com\/wordpress\/plugins\/seo\/ -->\n<title>J\u00f6rg K\u00f6nnemann - GCM GmbH<\/title>\n<meta name=\"robots\" content=\"index, follow, max-snippet:-1, max-image-preview:large, max-video-preview:-1\" \/>\n<link rel=\"canonical\" href=\"https:\/\/gcm-d.de\/en\/unser-team\/joerg-koennemann\/\" \/>\n<meta property=\"og:locale\" content=\"en_US\" \/>\n<meta property=\"og:type\" content=\"article\" \/>\n<meta property=\"og:title\" content=\"J\u00f6rg K\u00f6nnemann - GCM GmbH\" \/>\n<meta property=\"og:description\" content=\"Mr. J\u00f6rg K\u00f6nnemann has been working as a property manager in facility management at GCM Region-Mitte GmbH since September 2024. Previously, he worked as a project manager in residential construction and as a building expert and site manager in accordance with \u00a759 HBO and acquired in-depth knowledge of project coordination and quality assurance for buildings. &hellip;  J\u00f6rg K\u00f6nnemann Read More &raquo;\" \/>\n<meta property=\"og:url\" content=\"https:\/\/gcm-d.de\/en\/unser-team\/joerg-koennemann\/\" \/>\n<meta property=\"og:site_name\" content=\"GCM GmbH\" \/>\n<meta name=\"twitter:card\" content=\"summary_large_image\" \/>\n<script type=\"application\/ld+json\" class=\"yoast-schema-graph\">{\"@context\":\"https:\/\/schema.org\",\"@graph\":[{\"@type\":\"WebPage\",\"@id\":\"https:\/\/gcm-d.de\/en\/unser-team\/joerg-koennemann\/\",\"url\":\"https:\/\/gcm-d.de\/en\/unser-team\/joerg-koennemann\/\",\"name\":\"J\u00f6rg K\u00f6nnemann - GCM GmbH\",\"isPartOf\":{\"@id\":\"https:\/\/gcm-d.de\/#website\"},\"datePublished\":\"2023-01-20T09:21:24+00:00\",\"dateModified\":\"2023-01-20T09:21:24+00:00\",\"breadcrumb\":{\"@id\":\"https:\/\/gcm-d.de\/en\/unser-team\/joerg-koennemann\/#breadcrumb\"},\"inLanguage\":\"en-US\",\"potentialAction\":[{\"@type\":\"ReadAction\",\"target\":[\"https:\/\/gcm-d.de\/en\/unser-team\/joerg-koennemann\/\"]}]},{\"@type\":\"BreadcrumbList\",\"@id\":\"https:\/\/gcm-d.de\/en\/unser-team\/joerg-koennemann\/#breadcrumb\",\"itemListElement\":[{\"@type\":\"ListItem\",\"position\":1,\"name\":\"Home\",\"item\":\"https:\/\/gcm-d.de\/en\/\"},{\"@type\":\"ListItem\",\"position\":2,\"name\":\"J\u00f6rg K\u00f6nnemann\"}]},{\"@type\":\"WebSite\",\"@id\":\"https:\/\/gcm-d.de\/#website\",\"url\":\"https:\/\/gcm-d.de\/\",\"name\":\"GCM GmbH\",\"description\":\"Geb\u00e4ude- und Centermanagement\",\"publisher\":{\"@id\":\"https:\/\/gcm-d.de\/#organization\"},\"potentialAction\":[{\"@type\":\"SearchAction\",\"target\":{\"@type\":\"EntryPoint\",\"urlTemplate\":\"https:\/\/gcm-d.de\/?s={search_term_string}\"},\"query-input\":\"required name=search_term_string\"}],\"inLanguage\":\"en-US\"},{\"@type\":\"Organization\",\"@id\":\"https:\/\/gcm-d.de\/#organization\",\"name\":\"GCM GmbH\",\"url\":\"https:\/\/gcm-d.de\/\",\"logo\":{\"@type\":\"ImageObject\",\"inLanguage\":\"en-US\",\"@id\":\"https:\/\/gcm-d.de\/#\/schema\/logo\/image\/\",\"url\":\"https:\/\/gcm-d.de\/wp-content\/uploads\/gcm-logo.png\",\"contentUrl\":\"https:\/\/gcm-d.de\/wp-content\/uploads\/gcm-logo.png\",\"width\":251,\"height\":83,\"caption\":\"GCM GmbH\"},\"image\":{\"@id\":\"https:\/\/gcm-d.de\/#\/schema\/logo\/image\/\"}}]}<\/script>\n<!-- \/ Yoast SEO plugin. -->","yoast_head_json":{"title":"J\u00f6rg K\u00f6nnemann - GCM GmbH","robots":{"index":"index","follow":"follow","max-snippet":"max-snippet:-1","max-image-preview":"max-image-preview:large","max-video-preview":"max-video-preview:-1"},"canonical":"https:\/\/gcm-d.de\/en\/unser-team\/joerg-koennemann\/","og_locale":"en_US","og_type":"article","og_title":"J\u00f6rg K\u00f6nnemann - GCM GmbH","og_description":"Mr. J\u00f6rg K\u00f6nnemann has been working as a property manager in facility management at GCM Region-Mitte GmbH since September 2024. Previously, he worked as a project manager in residential construction and as a building expert and site manager in accordance with \u00a759 HBO and acquired in-depth knowledge of project coordination and quality assurance for buildings. &hellip; J\u00f6rg K\u00f6nnemann Read More &raquo;","og_url":"https:\/\/gcm-d.de\/en\/unser-team\/joerg-koennemann\/","og_site_name":"GCM GmbH","twitter_card":"summary_large_image","schema":{"@context":"https:\/\/schema.org","@graph":[{"@type":"WebPage","@id":"https:\/\/gcm-d.de\/en\/unser-team\/joerg-koennemann\/","url":"https:\/\/gcm-d.de\/en\/unser-team\/joerg-koennemann\/","name":"J\u00f6rg K\u00f6nnemann - GCM GmbH","isPartOf":{"@id":"https:\/\/gcm-d.de\/#website"},"datePublished":"2023-01-20T09:21:24+00:00","dateModified":"2023-01-20T09:21:24+00:00","breadcrumb":{"@id":"https:\/\/gcm-d.de\/en\/unser-team\/joerg-koennemann\/#breadcrumb"},"inLanguage":"en-US","potentialAction":[{"@type":"ReadAction","target":["https:\/\/gcm-d.de\/en\/unser-team\/joerg-koennemann\/"]}]},{"@type":"BreadcrumbList","@id":"https:\/\/gcm-d.de\/en\/unser-team\/joerg-koennemann\/#breadcrumb","itemListElement":[{"@type":"ListItem","position":1,"name":"Home","item":"https:\/\/gcm-d.de\/en\/"},{"@type":"ListItem","position":2,"name":"J\u00f6rg K\u00f6nnemann"}]},{"@type":"WebSite","@id":"https:\/\/gcm-d.de\/#website","url":"https:\/\/gcm-d.de\/","name":"GCM GmbH","description":"Geb\u00e4ude- und Centermanagement","publisher":{"@id":"https:\/\/gcm-d.de\/#organization"},"potentialAction":[{"@type":"SearchAction","target":{"@type":"EntryPoint","urlTemplate":"https:\/\/gcm-d.de\/?s={search_term_string}"},"query-input":"required name=search_term_string"}],"inLanguage":"en-US"},{"@type":"Organization","@id":"https:\/\/gcm-d.de\/#organization","name":"GCM GmbH","url":"https:\/\/gcm-d.de\/","logo":{"@type":"ImageObject","inLanguage":"en-US","@id":"https:\/\/gcm-d.de\/#\/schema\/logo\/image\/","url":"https:\/\/gcm-d.de\/wp-content\/uploads\/gcm-logo.png","contentUrl":"https:\/\/gcm-d.de\/wp-content\/uploads\/gcm-logo.png","width":251,"height":83,"caption":"GCM GmbH"},"image":{"@id":"https:\/\/gcm-d.de\/#\/schema\/logo\/image\/"}}]}},"_links":{"self":[{"href":"https:\/\/gcm-d.de\/en\/wp-json\/wp\/v2\/unser-team\/1583"}],"collection":[{"href":"https:\/\/gcm-d.de\/en\/wp-json\/wp\/v2\/unser-team"}],"about":[{"href":"https:\/\/gcm-d.de\/en\/wp-json\/wp\/v2\/types\/unser-team"}],"wp:featuredmedia":[{"embeddable":true,"href":"https:\/\/gcm-d.de\/en\/wp-json\/wp\/v2\/media\/1571"}],"wp:attachment":[{"href":"https:\/\/gcm-d.de\/en\/wp-json\/wp\/v2\/media?parent=1583"}],"curies":[{"name":"wp","href":"https:\/\/api.w.org\/{rel}","templated":true}]}}

Jörg Könnemann

<p>Mr. Jörg Könnemann has been working as a property manager in facility management at GCM Region-Mitte GmbH since September 2024. Previously, he worked as a project manager in residential construction and as a building expert and site manager in accordance with §59 HBO and acquired in-depth knowledge of project coordination and quality assurance for buildings. Mr. Könnemann has a total of 25 years of professional experience in the real estate industry. In property management, he looks after national and international clients and contributes his extensive expertise in the technical field.</p>

<!-- This site is optimized with the Yoast SEO plugin v20.6 - https://yoast.com/wordpress/plugins/seo/ -->
<title>Jörg Könnemann - GCM GmbH</title>
<meta name="robots" content="index, follow, max-snippet:-1, max-image-preview:large, max-video-preview:-1" />
<link rel="canonical" href="https://gcm-d.de/en/unser-team/joerg-koennemann/" />
<meta property="og:locale" content="en_US" />
<meta property="og:type" content="article" />
<meta property="og:title" content="Jörg Könnemann - GCM GmbH" />
<meta property="og:description" content="Mr. Jörg Könnemann has been working as a property manager in facility management at GCM Region-Mitte GmbH since September 2024. Previously, he worked as a project manager in residential construction and as a building expert and site manager in accordance with §59 HBO and acquired in-depth knowledge of project coordination and quality assurance for buildings. &hellip;  Jörg Könnemann Read More &raquo;" />
<meta property="og:url" content="https://gcm-d.de/en/unser-team/joerg-koennemann/" />
<meta property="og:site_name" content="GCM GmbH" />
<meta name="twitter:card" content="summary_large_image" />
<script type="application/ld+json" class="yoast-schema-graph">{"@context":"https://schema.org","@graph":[{"@type":"WebPage","@id":"https://gcm-d.de/en/unser-team/joerg-koennemann/","url":"https://gcm-d.de/en/unser-team/joerg-koennemann/","name":"Jörg Könnemann - GCM GmbH","isPartOf":{"@id":"https://gcm-d.de/#website"},"datePublished":"2023-01-20T09:21:24+00:00","dateModified":"2023-01-20T09:21:24+00:00","breadcrumb":{"@id":"https://gcm-d.de/en/unser-team/joerg-koennemann/#breadcrumb"},"inLanguage":"en-US","potentialAction":[{"@type":"ReadAction","target":["https://gcm-d.de/en/unser-team/joerg-koennemann/"]}]},{"@type":"BreadcrumbList","@id":"https://gcm-d.de/en/unser-team/joerg-koennemann/#breadcrumb","itemListElement":[{"@type":"ListItem","position":1,"name":"Home","item":"https://gcm-d.de/en/"},{"@type":"ListItem","position":2,"name":"Jörg Könnemann"}]},{"@type":"WebSite","@id":"https://gcm-d.de/#website","url":"https://gcm-d.de/","name":"GCM GmbH","description":"Gebäude- und Centermanagement","publisher":{"@id":"https://gcm-d.de/#organization"},"potentialAction":[{"@type":"SearchAction","target":{"@type":"EntryPoint","urlTemplate":"https://gcm-d.de/?s={search_term_string}"},"query-input":"required name=search_term_string"}],"inLanguage":"en-US"},{"@type":"Organization","@id":"https://gcm-d.de/#organization","name":"GCM GmbH","url":"https://gcm-d.de/","logo":{"@type":"ImageObject","inLanguage":"en-US","@id":"https://gcm-d.de/#/schema/logo/image/","url":"https://gcm-d.de/wp-content/uploads/gcm-logo.png","contentUrl":"https://gcm-d.de/wp-content/uploads/gcm-logo.png","width":251,"height":83,"caption":"GCM GmbH"},"image":{"@id":"https://gcm-d.de/#/schema/logo/image/"}}]}</script>
<!-- / Yoast SEO plugin. -->

Jörg Könnemann - GCM GmbH

Mr. Jörg Könnemann has been working as a property manager in facility management at GCM Region-Mitte GmbH since September 2024. Previously, he worked as a project manager in residential construction and as a building expert and site manager in accordance with §59 HBO and acquired in-depth knowledge of project coordination and quality assurance for buildings. &hellip; Jörg Könnemann Read More &raquo;

Gebäude- und Centermanagement
